9, 167
What are the prime factors of 16908?
2, 3, 1409
What are the prime factors of 87530?
2, 5, 8753
List the prime factors of 542.
2, 271
List the prime factors of 1391.
13, 107
List the prime factors of 175628.
2, 23, 83
List the prime factors of 5415.
3, 5, 19
What are the prime factors of 375?
3, 5
List the prime factors of 79385.
5, 15877
List the prime factors of 15524.
2, 3881
What are the prime factors of 186?
2, 3, 31
What are the prime factors of 22?
2, 11
List the prime factors of 59124.
2, 3, 13, 379
What are the prime factors of 1762?
2, 881
List the prime factors of 52992.
2, 3, 23
What are the prime factors of 35979?
3, 67, 179
List the prime factors of 1920.
2, 3, 5
What are the prime factors of 3524?
2, 881
List the prime factors of 6037.
6037
List the prime factors of 3897.
3, 433
What are the prime factors of 7001?
7001
What are the prime factors of 2309?
2309
List the prime factors of 27177.
3, 9059
What are the prime factors of 6583?
29, 227
List the prime factors of 105176.
2, 13147
What are the prime factors of 16677?
3, 17, 109
List the prime factors of 1801.
1801
List the prime factors of 391.
17, 23
What are the prime factors of 938?
2, 7, 67
List the prime factors of 8496.
2, 3, 59
What are the prime factors of 28519?
19, 79
What are the prime factors of 6024?
2, 3, 251
What are the prime factors of 6879?
3, 2293
What are the prime factors of 775?
5, 31
List the prime factors of 18913.
18913
What are the prime factors of 7126?
2, 7, 509
List the prime factors of 206.
2, 103
List the prime factors of 124936.
2, 7, 23, 97
List the prime factors of 215.
5, 43
What are the prime factors of 232?
2, 29
List the prime factors of 14364.
2, 3, 7, 19
What are the prime factors of 41600?
2, 5, 13
List the prime factors of 1402.
2, 701
What are the prime factors of 203?
7, 29
What are the prime factors of 18125?
5, 29
What are the prime factors of 2432?
2, 19
List the prime factors of 74889.
3, 53, 157
What are the prime factors of 188?
2, 47
List the prime factors of 15763.
11, 1433
What are the prime factors of 515?
5, 103
List the prime factors of 2836.
2, 709
List the prime factors of 755.
5, 151
List the prime factors of 165084.
2, 3, 13757
List the prime factors of 39391.
11, 3581
What are the prime factors of 2667?
3, 7, 127
What are the prime factors of 8884?
2, 2221
What are the prime factors of 45738?
2, 3, 7, 11
What are the prime factors of 578?
2, 17
List the prime factors of 5192.
2, 11, 59
List the prime factors of 2440.
2, 5, 61
List the prime factors of 121996.
2, 7, 4357
What are the prime factors of 55680?
2, 3, 5, 29
List the prime factors of 813.
3, 271
List the prime factors of 684.
2, 3, 19
List the prime factors of 1845.
3, 5, 41
List the prime factors of 197.
197
List the prime factors of 3350.
2, 5, 67
List the prime factors of 624.
2, 3, 13
What are the prime factors of 5945?
5, 29, 41
List the prime factors of 30196.
2, 7549
What are the prime factors of 828?
2, 3, 23
List the prime factors of 1520.
2, 5, 19
List the prime factors of 6048.
2, 3, 7
What are the prime factors of 451?
11, 41
What are the prime factors of 5606?
2, 2803
List the prime factors of 19822.
2, 11, 17, 53
What are the prime factors of 133968?
2, 3, 2791
List the prime factors of 13129.
19, 691
What are the prime factors of 55706?
2, 7, 23, 173
What are the prime factors of 4073?
4073
What are the prime factors of 56543?
56543
What are the prime factors of 104180?
2, 5, 5209
What are the prime factors of 7140?
2, 3, 5, 7, 17
What are the prime factors of 1144?
2, 11, 13
List the prime factors of 44663.
59, 757
List the prime factors of 41447.
7, 31, 191
What are the prime factors of 10377?
3, 1153
What are the prime factors of 3584?
2, 7
What are the prime factors of 340?
2, 5, 17
What are the prime factors of 498?
2, 3, 83
List the prime factors of 4357.
4357
List the prime factors of 10635.
3, 5, 709
List the prime factors of 1569.
3, 523
List the prime factors of 1987.
1987
List the prime factors of 88150.
2, 5, 41, 43
What are the prime factors of 125033?
97, 1289
List the prime factors of 6121.
6121
What are the prime factors of 30534?
2, 3, 7, 727
List the prime factors of 3144.
2, 3, 131
What are the prime factors of 13323?
3, 4441
List the prime factors of 29344.
2, 7, 131
List the prime factors of 11263.
7, 1609
What are the prime factors of 24729?
3, 8243
List the prime factors of 172.
2, 43
What are the prime factors of 7811?
73, 107
What are the prime factors of 26415?
3, 5, 587
What are the prime factors of 4979?
13, 383
List the prime factors of 5643.
3, 11, 19
What are the prime factors of 307?
307
List the prime factors of 1495.
5, 13, 23
List the prime factors of 833.
7, 17
What are the prime factors of 3266?
2, 23, 71
List the prime factors of 13917.
3, 4639
What are the prime factors of 18969?
3, 6323
List the prime factors of 2058.
2, 3, 7
List the prime factors of 12901.
7, 19, 97
List the prime factors of 12027.
3, 19, 211
What are the prime factors of 2076?
2, 3, 173
List the prime factors of 49445.
5, 11, 29, 31
List the prime factors of 70688.
2, 47
List the prime factors of 2279.
43, 53
List the prime factors of 10312.
2, 1289
List the prime factors of 10466.
2, 5233
List the prime factors of 4648.
2, 7, 83
List the prime factors of 5320.
2, 5, 7, 19
List the prime factors of 5799.
3, 1933
List the prime factors of 1026.
2, 3, 19
List the prime factors of 171.
3, 19
What are the prime factors of 21549?
3, 11, 653
List the prime factors of 1188.
2, 3, 11
What are the prime factors of 10707?
3, 43, 83
List the prime factors of 484.
2, 11
List the prime factors of 383.
383
List the prime factors of 37061.
37061
What are the prime factors of 96234?
2, 3, 43, 373
List the prime factors of 81115.
5, 16223
What are the prime factors of 17412?
2, 3, 1451
What are the prime factors of 3496?
2, 19, 23
List the prime factors of 1733.
1733
What are the prime factors of 6645?
3, 5, 443
What are the prime factors of 76777?
76777
List the prime factors of 69102.
2, 3, 11, 349
What are the prime factors of 9477?
3, 13
List the prime factors of 21518.
2, 7, 29, 53
What are the prime factors of 20698?
2, 79, 131
What are the prime factors of 12636?
2, 3, 13
List the prime factors of 2392.
2, 13, 23
List the prime factors of 1032.
2, 3, 43
What are the prime factors of 2024?
2, 11, 23
List the prime factors of 952.
2, 7, 17
What are the prime factors of 3077?
17, 181
List the prime factors of 55.
5, 11
What are the prime factors of 4004?
2, 7, 11, 13
What are the prime factors of 103189?
19, 5431
List the prime factors of 57649.
57649
List the prime factors of 20328.
2, 3, 7, 11
What are the prime factors of 25442?
2, 12721
What are the prime factors of 41001?
3, 79, 173
What are the prime factors of 3677?
3677
List the prime factors of 2409.
3, 11, 73
What are the prime factors of 2414?
2, 17, 71
What are the prime factors of 261?
3, 29
What are the prime factors of 30555?
3, 5, 7, 97
What are the prime factors of 99664?
2, 6229
What are the prime factors of 28582?
2, 31, 461
What are the prime factors of 815?
5, 163
What are the prime factors of 4036?
2, 1009
What are the prime factors of 11368?
2, 7, 29
What are the prime factors of 1611?
3, 179
List the prime factors of 756.
2, 3, 7
List the prime factors of 5636.
2, 1409
List the prime factors of 5689.
5689
What are the prime factors of 3053?
43, 71
List the prime factors of 82564.
2, 20641
What are the prime factors of 565?
5, 113
List the prime factors of 110310.
2, 3, 5, 3677
What are the prime factors of 8253?
3, 7, 131
What are the prime factors of 11392?
2, 89
What are the prime factors of 628?
2, 157
What are the prime factors of 44309?
59, 751
List the prime factors of 7912.
2, 23, 43
List the prime factors of 1182.
2, 3, 197
What are the prime factors of 11293?
23, 491
List the prime factors of 5817.
3, 7, 277
What are the prime factors of 12222?
2, 3, 7, 97
List the prime factors of 1106.
2, 7, 79
What are the prime factors of 1151?
1151
List the prime factors of 35999.
35999
What are the prime factors of 1824?
2, 3, 19
List the prime factors of 44384.
2, 19, 73
What are the prime factors of 45200?
2, 5, 113
List the prime factors of 1326.
2, 3, 13, 1